4668
153303343 (base 6) to base 2
1100010111110101101111
Convert 2210120100110 (base 3) to base 14.
2aa0bd
Convert -101982 (base 10) to base 11.
-6a691
Convert -12475215 (base 9) to base 16.
-5d9053
13231101122 (base 4) to base 5
1004123232
-3686376 (base 10) to base 13
-9c0bb5
-14800 (base 12) to base 5
-1410200
Convert -121048 (base 12) to base 7.
-2324366
What is -43172 (base 13) in base 9?
-204102
-33003302032 (base 4) to base 15
-52ea27
Convert 60622525 (base 7) to base 10.
5047852
-164b41 (base 14) to base 11
-494183
Convert 1357892 (base 10) to base 12.
555998
-1123133 (base 6) to base 9
-87163
What is -10a794 (base 11) in base 9?
-286430
What is 2231222233 (base 5) in base 13?
1041c31
Convert -233253 (base 9) to base 11.
-96355
-4a28212 (base 11) to base 14
-1236031
Convert 2010110200 (base 4) to base 6.
15341104
What is 1ac76 (base 16) in base 6?
2203450
Convert 6d3d75 (base 15) to base 10.
5227535
-2020211110 (base 3) to base 13
-17253
4b5b23 (base 12) to base 5
303434200
What is -34504 (base 13) in base 7?
-544621
-181588 (base 10) to base 16
-2c554
-146475 (base 10) to base 16
-23c2b
Convert 56581 (base 15) to base 5.
32241441
-1096456 (base 11) to base 14
-37aa57
-101211321 (base 4) to base 11
-4a157
What is -101101111010101001101 (base 2) in base 3?
-2211102220112
What is -5156c (base 14) in base 15?
-3d0a0
What is 1013111213 (base 4) in base 10?
292199
What is -bfeb2 (base 16) in base 9?
-1427282
-31773 (base 8) to base 14
-4bc7
What is 23153110 (base 6) in base 12?
2a5796
254535 (base 6) to base 2
101101000111011
What is -22b45 (base 15) in base 12?
-53b78
1a30705 (base 12) to base 9
11370045
What is -1b0337 (base 13) in base 10?
-686017
Convert -10633156 (base 7) to base 10.
-932707
What is 1320131232 (base 4) in base 13?
143787
What is -71057 (base 10) in base 7?
-414110
Convert 202222010212 (base 3) to base 10.
412718
What is 364254 (base 8) in base 6?
2403100
-109351 (base 14) to base 2
-10001001011111101011
What is 12201202 (base 5) in base 13?
4092b
-12800219 (base 10) to base 8
-60650333
233110113200 (base 4) to base 8
57242740
-1020100100210 (base 3) to base 15
-ce729
-13123230032 (base 4) to base 14
-38a0d8
Convert -4423316 (base 10) to base 9.
-8281575
What is -33123002 (base 4) in base 3?
-10012122122
4142271 (base 11) to base 5
3332340331
What is 4236356 (base 7) in base 13?
14ca53
What is 392b71 (base 13) in base 2?
101010000001111111001
Convert 1134402 (base 5) to base 6.
242135
501234043 (base 6) to base 8
40225253
What is 101101010011110000 (base 2) in base 4?
231103300
What is 24412011 (base 5) in base 7?
1654524
What is 35501113 (base 6) in base 4?
10033202211
What is 10022101202 (base 3) in base 13?
23882
-126588 (base 11) to base 13
-6c783
What is 2433220 (base 5) in base 4?
23033230
What is -1369 (base 13) in base 14?
-1035
What is 10100210121 (base 3) in base 8?
201221
What is 167172 (base 10) in base 13?
5b125
What is 14500043 (base 6) in base 15?
9eb7c
Convert -55457 (base 10) to base 15.
-11672
Convert 2a22b8 (base 15) to base 8.
7601365
Convert -1010100010101000 (base 2) to base 8.
-124250
Convert -121244 (base 9) to base 2.
-10001110110001110
359352 (base 10) to base 16
57bb8
What is -39676 (base 14) in base 11?
-97116
Convert -1010100101011011100 (base 2) to base 6.
-11233432
What is 10600724 (base 8) in base 14?
43a136
Convert 13223133133 (base 4) to base 5.
1003410101
What is -287108 (base 9) in base 11?
-110079
What is -bcc1ce (base 15) in base 12?
-3021288
Convert -23a58 (base 13) to base 2.
-1111111111000100
What is 13645006 (base 7) in base 6?
43342001
What is -10001310 (base 9) in base 12?
-17285a6
120213221 (base 5) to base 10
554186
93738 (base 16) to base 6
20540040
-21421115 (base 6) to base 2
-10011100010111100111
What is -20aed6 (base 16) in base 12?
-873646
-3d77 (base 16) to base 12
-9133
What is 10211200101212 (base 3) in base 8?
7621674
-11257006 (base 8) to base 10
-2448902
125154232 (base 6) to base 3
11200101212102
Convert 766281 (base 9) to base 4.
1233221212
-100101243 (base 6) to base 14
-31d0a7
What is -43342404 (base 5) in base 7?
-3105252
What is 344249 (base 14) in base 3?
10100100201221
Convert 485376 (base 10) to base 3.
220122210220
-122360 (base 9) to base 14
-1cd26
Convert -10431212 (base 7) to base 3.
-1200122101222
111011101001010110 (base 2) to base 14
6506a
What is 60085 (base 11) in base 15?
1b0c9
Convert -353129 (base 13) to base 11.
-7932a8
Convert 3030333 (base 7) to base 2.
1010111111110000001
What is 31d54d (base 14) in base 2?
110011100010000100001
Convert 2401330 (base 5) to base 3.
2020022100
What is 19086029 (base 10) in base 12?
64851a5
Convert -441545350 (base 6) to base 2.
-11110010000000100100010
297618 (base 13) to base 5
230003144
Convert -2200222112 (base 3) to base 4.
-30333110
Convert 122011200221 (base 3) to base 7.
2605351
-538ab7 (base 14) to base 12
-b449b5
Convert 2543321 (base 9) to base 13.
397306
Convert 2111131 (base 6) to base 14.
295a7
Convert 9500 (base 15) to base 16.
7b0c
What is 2100032 (base 4) in base 9?
13585
95877 (base 15) to base 14
c4c68
What is -32581623 (base 9) in base 7?
-250651506
231415220 (base 6) to base 2
10000010100101111011100
Convert 140446 (base 8) to base 13.
19677
Convert 508501 (base 13) to base 15.
2707c7
Convert 253122 (base 15) to base 10.
1782257
-120121000011 (base 3) to base 2
-1001010111011100001
Convert -58128 (base 16) to base 5.
-43020434
Convert -430034 (base 5) to base 10.
-14394
What is -1b67a15 (base 12) in base 4?
-112112323301
Convert 50306a (base 12) to base 14.
24748a
What is 38a8699 (base 11) in base 13?
15294a8
What is 2131 (base 4) in base 5?
1112
What is -1b9297 (base 12) in base 16?
-78553
Convert 4551104 (base 7) to base 16.
8a6f8
107750 (base 12) to base 7
2140560
Convert -4250220 (base 6) to base 14.
-56100
-25719 (base 15) to base 3
-20002020020
Convert 301233 (base 8) to base 10.
98971
Convert -122101002102 (base 3) to base 13.
-bc861
What is 516232 (base 12) in base 2?
100110111011011000110
What is 973304 (base 10) in base 5?
222121204
Convert -b6bd0 (base 15) to base 12.
-23b643
-1111012201100 (base 3) to base 4
-3001032333
What is 525318 (base 10) in base 4?
2000100012
53a07a4 (base 11) to base 10
9488329
-2320121111 (base 4) to base 7
-6263666
What is -1111871 (base 10) in base 2?
-100001111011100111111
What is 787a34 (base 12) in base 14?
38026c
What is -4aa16 (base 12) in base 10?
-101682
Convert 392b0 (base 13) to base 9.
171277
3441713 (base 8) to base 4
3210033023
What is 142424332 (base 5) in base 14?
156bdb
What is -3bb9b2 (base 12) in base 13?
-28ab9a
Convert -10000110011110100100101 (base 2) to base 4.
-100303310211
What is -747994 (base 10) in base 4?
-2312213122
Convert 111020000032 (base 4) to base 15.
745c71
193bb66 (base 12) to base 10
5308350
-20202001000211 (base 3) to base 7
-42312142
Convert -c6201 (base 15) to base 2.
-10011001010111101001
Convert 21003561 (base 8) to base 16.
440771
What is -4151225 (base 6) in base 13?
-7075a
60127413 (base 8) to base 13
2801934
Convert -770b (base 14) to base 11.
-1451a
-52866 (base 13) to base 15
-2e090
Convert -100010001011010110010 (base 2) to base 12.
-46012a
1547263 (base 10) to base 6
53055131
What is a53074 (base 12) in base 11?
1514407
2c865 (base 13) to base 2
10100101110111001
What is -630529 (base 11) in base 8?
-3666261
What is -1719b (base 12) in base 4?
-20011013
1482ba (base 12) to base 9
576587
33153 (base 12) to base 6
1240543
What is -7b5ab (base 13) in base 16?
-36f38
What is 23552335 (base 6) in base 16?
b6123
What is 5c5660 (base 15) in base 10?
4422690
What is -20122120 (base 4) in base 15?
-a321
Convert 413201 (base 5) to base 13.
6225
What is -ba7e1 (base 16) in base 7?
-6331015
What is 101110000011001001101011 (base 2) in base 10?
12071531
-126065 (base 8) to base 15
-d0e0
Convert 11000001111001001100011 (base 2) to base 8.
30171143
What is -2c9a24 (base 14) in base 10?
-1563328
-3b264 (base 15) to base 9
-318004
Convert -1111020222202 (base 3) to base 13.
-2198b1
What is -4053322 (base 6) in base 11?
-12272a
What is -1110561 (base 8) in base 14?
-7b161
What is 122010020112 (base 3) in base 5?
41240344
854312 (base 12) to base 4
20001012332
What is -e5579f (base 16) in base 2?
-111001010101011